{"id":102,"date":"2017-02-14T07:45:28","date_gmt":"2017-02-14T07:45:28","guid":{"rendered":"http:\/\/themes.kadencethemes.com\/ascend-premium-3\/?page_id=102"},"modified":"2026-03-16T09:20:28","modified_gmt":"2026-03-16T08:20:28","slug":"home","status":"publish","type":"page","link":"https:\/\/www.sylvefruit.fr\/pepiniere\/","title":{"rendered":"Home"},"content":{"rendered":"<div class=\"nk-awb \" >\n<p>&nbsp;<\/p>\n<p>&nbsp;<\/p>\n<p>&nbsp;<\/p>\n<p style=\"text-align: center;\"><span style=\"color: #ffffff; font-family: arial black, sans-serif; font-size: 14pt;\"><strong>P\u00e9pini\u00e8re Fruiti\u00e8re d&rsquo;Altitude<\/strong><\/span><\/p>\n<p style=\"text-align: center;\"><span style=\"color: #ffffff; font-family: book antiqua, palatino, serif; font-size: 36pt;\"><strong>SYLVE <span style=\"color: #e83407;\">&amp;<\/span> FRUIT<\/strong><\/span><\/p>\n<p>&nbsp;<\/p>\n<p style=\"text-align: center;\"><span style=\"color: #ffffff; font-family: arial black, sans-serif; font-size: 14pt;\"><strong>Fruitiers rustiques, v\u00e9g\u00e9taux d&rsquo;ornement et plantes de haie<\/strong><\/span><\/p>\n<p>&nbsp;<\/p>\n<p style=\"text-align: center;\"><a href=\"https:\/\/www.sylvefruit.fr\/pepiniere\/catalogue-sylve-fruit\/\" class=\"btn button btn-shortcode kad-btn kad-btn-primary\" id=\"kadbtn31\" target=\"_self\" style=\"background-color:#CDCDCD;color:#000;\"onMouseOver=\"this.style.background='',this.style.color='#FFF'\" onMouseOut=\"this.style.background='#CDCDCD', this.style.color='#000'\">NOS V\u00c9G\u00c9TAUX<\/a>\u00a0 \u00a0 \u00a0 \u00a0 \u00a0 \u00a0 \u00a0 <a href=\"https:\/\/www.sylvefruit.fr\/pepiniere\/contact\/\" class=\"btn button btn-shortcode kad-btn kad-btn-primary\" id=\"kadbtn534\" target=\"_self\" style=\"background-color:#CDCDCD;color:#000;\"onMouseOver=\"this.style.background='',this.style.color='#FFF'\" onMouseOut=\"this.style.background='#CDCDCD', this.style.color='#000'\">CONTACT<\/a>\n<p>&nbsp;<\/p>\n<div class=\"nk-awb-wrap\" data-awb-type=\"image\" data-awb-stretch=\"true\" data-awb-image-background-size=\"cover\" data-awb-image-background-position=\"50% 50%\"><div  class=\"nk-awb-inner\"><img decoding=\"async\" width=\"2560\" height=\"866\" src=\"https:\/\/www.sylvefruit.fr\/pepiniere\/wp-content\/uploads\/2025\/09\/bandeau2.jpg\" class=\"jarallax-img\" alt=\"\" style=\"object-position: 50% 50%;\" srcset=\"https:\/\/www.sylvefruit.fr\/pepiniere\/wp-content\/uploads\/2025\/09\/bandeau2.jpg 2560w, https:\/\/www.sylvefruit.fr\/pepiniere\/wp-content\/uploads\/2025\/09\/bandeau2-300x101.jpg 300w, https:\/\/www.sylvefruit.fr\/pepiniere\/wp-content\/uploads\/2025\/09\/bandeau2-1024x346.jpg 1024w, https:\/\/www.sylvefruit.fr\/pepiniere\/wp-content\/uploads\/2025\/09\/bandeau2-768x260.jpg 768w, https:\/\/www.sylvefruit.fr\/pepiniere\/wp-content\/uploads\/2025\/09\/bandeau2-1536x520.jpg 1536w, https:\/\/www.sylvefruit.fr\/pepiniere\/wp-content\/uploads\/2025\/09\/bandeau2-2048x693.jpg 2048w, https:\/\/www.sylvefruit.fr\/pepiniere\/wp-content\/uploads\/2025\/09\/bandeau2-600x203.jpg 600w, https:\/\/www.sylvefruit.fr\/pepiniere\/wp-content\/uploads\/2025\/09\/bandeau2-500x169.jpg 500w, https:\/\/www.sylvefruit.fr\/pepiniere\/wp-content\/uploads\/2025\/09\/bandeau2-800x271.jpg 800w, https:\/\/www.sylvefruit.fr\/pepiniere\/wp-content\/uploads\/2025\/09\/bandeau2-1280x433.jpg 1280w, https:\/\/www.sylvefruit.fr\/pepiniere\/wp-content\/uploads\/2025\/09\/bandeau2-1920x650.jpg 1920w\" sizes=\"(max-width: 2560px) 100vw, 2560px\" \/><\/div><\/div><\/div>\n<div class=\"row\"> <div class=\"col-md-9\">\n<p>&nbsp;<\/p>\n<p style=\"text-align: center;\"><span style=\"color: #000000; font-size: 18pt;\"><strong>LA SAISON DE VENTE EST TERMIN\u00c9E<\/strong><\/span><\/p>\n<p style=\"text-align: center;\"><strong>RENDEZ-VOUS LE 1er OCTOBRE 2026 POUR L&rsquo;OUVERTURE DES R\u00c9SERVATIONS<\/strong><\/p>\n<p style=\"text-align: center;\"><a href=\"https:\/\/www.sylvefruit.fr\/pepiniere\/fonctionnement-des-ventes\/\" class=\"btn button btn-shortcode kad-btn kad-btn-primary\" id=\"kadbtn131\" target=\"_self\" style=\"background-color:#CDCDCD;color:#000;\"onMouseOver=\"this.style.background='',this.style.color='#FFF'\" onMouseOut=\"this.style.background='#CDCDCD', this.style.color='#000'\">FONCTIONNEMENT DES VENTES<\/a>\n<p style=\"text-align: center;\">Pour toute demande sp\u00e9cifique (conseils, devis, visites) vous pouvez nous adresser un mail : contact@sylvefruit.fr<\/p>\n<p style=\"text-align: left;\"><\/div><div class=\"col-md-3\">\n<p><img decoding=\"async\" class=\"aligncenter wp-image-25517\" src=\"https:\/\/www.sylvefruit.fr\/pepiniere\/wp-content\/uploads\/2025\/09\/IMG_6533-scaled-e1758887333703-300x285.jpg\" alt=\"\" width=\"242\" height=\"230\" srcset=\"https:\/\/www.sylvefruit.fr\/pepiniere\/wp-content\/uploads\/2025\/09\/IMG_6533-scaled-e1758887333703-300x285.jpg 300w, https:\/\/www.sylvefruit.fr\/pepiniere\/wp-content\/uploads\/2025\/09\/IMG_6533-scaled-e1758887333703-1024x974.jpg 1024w, https:\/\/www.sylvefruit.fr\/pepiniere\/wp-content\/uploads\/2025\/09\/IMG_6533-scaled-e1758887333703-768x730.jpg 768w, https:\/\/www.sylvefruit.fr\/pepiniere\/wp-content\/uploads\/2025\/09\/IMG_6533-scaled-e1758887333703-1536x1461.jpg 1536w, https:\/\/www.sylvefruit.fr\/pepiniere\/wp-content\/uploads\/2025\/09\/IMG_6533-scaled-e1758887333703-600x571.jpg 600w, https:\/\/www.sylvefruit.fr\/pepiniere\/wp-content\/uploads\/2025\/09\/IMG_6533-scaled-e1758887333703-500x476.jpg 500w, https:\/\/www.sylvefruit.fr\/pepiniere\/wp-content\/uploads\/2025\/09\/IMG_6533-scaled-e1758887333703-800x761.jpg 800w, https:\/\/www.sylvefruit.fr\/pepiniere\/wp-content\/uploads\/2025\/09\/IMG_6533-scaled-e1758887333703-1280x1217.jpg 1280w, https:\/\/www.sylvefruit.fr\/pepiniere\/wp-content\/uploads\/2025\/09\/IMG_6533-scaled-e1758887333703.jpg 1920w\" sizes=\"(max-width: 242px) 100vw, 242px\" \/><\/div><\/div>\n<p>&nbsp;<\/p>\n<div class=\"nk-awb \" >\n<p>&nbsp;<\/p>\n<div class=\"row\"> <div class=\"col-md-4\">\n<p><img decoding=\"async\" class=\"aligncenter wp-image-25494\" src=\"https:\/\/www.sylvefruit.fr\/pepiniere\/wp-content\/uploads\/2025\/09\/unnamed5-225x300.jpg\" alt=\"\" width=\"469\" height=\"625\" srcset=\"https:\/\/www.sylvefruit.fr\/pepiniere\/wp-content\/uploads\/2025\/09\/unnamed5-225x300.jpg 225w, https:\/\/www.sylvefruit.fr\/pepiniere\/wp-content\/uploads\/2025\/09\/unnamed5-768x1024.jpg 768w, https:\/\/www.sylvefruit.fr\/pepiniere\/wp-content\/uploads\/2025\/09\/unnamed5-1152x1536.jpg 1152w, https:\/\/www.sylvefruit.fr\/pepiniere\/wp-content\/uploads\/2025\/09\/unnamed5-1536x2048.jpg 1536w, https:\/\/www.sylvefruit.fr\/pepiniere\/wp-content\/uploads\/2025\/09\/unnamed5-600x800.jpg 600w, https:\/\/www.sylvefruit.fr\/pepiniere\/wp-content\/uploads\/2025\/09\/unnamed5-500x667.jpg 500w, https:\/\/www.sylvefruit.fr\/pepiniere\/wp-content\/uploads\/2025\/09\/unnamed5-800x1067.jpg 800w, https:\/\/www.sylvefruit.fr\/pepiniere\/wp-content\/uploads\/2025\/09\/unnamed5-1280x1707.jpg 1280w, https:\/\/www.sylvefruit.fr\/pepiniere\/wp-content\/uploads\/2025\/09\/unnamed5-scaled.jpg 1920w\" sizes=\"(max-width: 469px) 100vw, 469px\" \/><\/p>\n<\/div><div class=\"col-md-8\">\n<p><span style=\"font-size: 18pt;\"><strong>CALENDRIER DES \u00c9V\u00c8NEMENTS &#8211; FIN D&rsquo;HIVER<\/strong><strong> 2026<\/strong><\/span><\/p>\n<h6><strong><em>\u00a0&#8211; Lundi 2 mars :<\/em> <span style=\"color: #000000;\">march\u00e9 d&rsquo;URIAGE<\/span><\/strong><span style=\"color: #000000;\"> (38<em>)<\/em><\/span><\/h6>\n<h6><em><strong>\u00a0&#8211; <\/strong><\/em><em>Mercredi 4 mars<\/em> : <span style=\"color: #000000;\"><strong>march\u00e9 paysan MERAKI<\/strong> (Varces &#8211; 38)<\/span><\/h6>\n<h6><strong><em>\u00a0&#8211; Du 9 au 14 mars : <\/em><\/strong><span style=\"color: #000000;\"><strong>p\u00e9pini\u00e8re ouverte tous les jours de 10h \u00e0 16h <\/strong><\/span><span style=\"color: #000000;\"><strong>(hors mercredi)<\/strong><\/span><\/h6>\n<h6><em>\u00a0&#8211; <a id=\"JPO\"><\/a>Samedi 14 mars :<\/em> <span style=\"color: #000000;\"><strong><span style=\"color: #ff0000;\">JOURN\u00c9E PORTE OUVERTE \u00c0 LA P\u00c9PINI\u00c8RE <\/span><\/strong><em>(voir encadr\u00e9 ci-dessous<strong>)<\/strong><\/em><\/span><\/h6>\n<hr \/>\n<table style=\"width: 100%; border-collapse: collapse;\">\n<tbody>\n<tr>\n<td style=\"width: 4.96968%;\"><\/td>\n<td style=\"width: 85.5757%; border-color: #000000; border-style: groove;\">\n<p style=\"text-align: center;\"><strong>Nous vous accueillons toute la journ\u00e9e, entre 10h et 16h, autour d&rsquo;un programme d\u2019animations et de d\u00e9couverte de la p\u00e9pini\u00e8re <\/strong><strong>!<\/strong><\/p>\n<p>&nbsp;<\/p>\n<p><strong>Programme :<\/strong><\/p>\n<ul>\n<li><span style=\"color: #ff0000;\">10h30-11h<\/span> : <span style=\"color: #000000;\">la culture des arbres fruitiers en p\u00e9pini\u00e8re<\/span><\/li>\n<li><span style=\"color: #ff0000;\">11h-11h30<\/span> : <span style=\"color: #000000;\">la greffe de printemps<\/span><\/li>\n<li><em><span style=\"color: #ff0000;\">12h<\/span> : a<span style=\"color: #000000;\">p\u00e9ritif offert<\/span><\/em><\/li>\n<li><span style=\"color: #ff0000;\">14h30-15h<\/span> : p<span style=\"color: #000000;\">r\u00e9sentation de la collection vari\u00e9tale de la p\u00e9pini\u00e8re<\/span><\/li>\n<li><span style=\"color: #ff0000;\">15h-15h30<\/span> : <span style=\"color: #000000;\">le verger fruitier en climat de montagne<\/span><\/li>\n<\/ul>\n<p><em><strong>Toute la journ\u00e9e : <\/strong>conseils personnalis\u00e9s pour vos vergers et possibilit\u00e9 d&rsquo;acheter nos derniers v\u00e9g\u00e9taux disponibles.<\/em><\/td>\n<td style=\"width: 9.45447%;\"><\/td>\n<\/tr>\n<\/tbody>\n<\/table>\n<\/div><\/div>\n<div class=\"nk-awb-wrap\" data-awb-type=\"color\" data-awb-stretch=\"true\" data-awb-image-background-size=\"cover\" data-awb-image-background-position=\"50% 50%\"><div class=\"nk-awb-overlay\" style=\"background-color: #d6d6d6;\"><\/div><div  class=\"nk-awb-inner\"><\/div><\/div><\/div>\n<div class=\"row\"> <div class=\"col-md-1\">\n<\/div><div class=\"col-md-6\">\n<p>&nbsp;<\/p>\n<p style=\"text-align: center;\"><span style=\"font-size: 18pt;\"><a href=\"https:\/\/www.sylvefruit.fr\/pepiniere\/prestations\/\" class=\"btn button btn-shortcode kad-btn kad-btn-primary\" id=\"kadbtn4\" target=\"_self\" style=\"background-color:#CDCDCD;color:#000;\"onMouseOver=\"this.style.background='',this.style.color='#FFF'\" onMouseOut=\"this.style.background='#CDCDCD', this.style.color='#000'\">NOS PRESTATIONS<\/a><\/span><\/p>\n<p style=\"text-align: center;\"><span style=\"font-size: 12pt;\"><strong>La p\u00e9pini\u00e8re peut vous proposer les prestations suivantes :<\/strong><\/span><\/p>\n<ul>\n<li style=\"list-style-type: none;\">\n<ul>\n<li style=\"list-style-type: none;\">\n<ul>\n<li style=\"list-style-type: none;\">\n<ul>\n<li style=\"list-style-type: none;\">\n<ul>\n<li style=\"list-style-type: none;\">\n<ul>\n<li><strong><span style=\"font-size: 12pt;\">CONSEIL<\/span><\/strong><\/li>\n<li><span style=\"font-size: 12pt;\"><strong>PLANTATION<\/strong><\/span><\/li>\n<li><span style=\"font-size: 12pt;\"><strong>TAILLE<\/strong><\/span><\/li>\n<li><span style=\"font-size: 12pt;\"><strong>GREFFE (\u00e0 domicile ou \u00e0 fa\u00e7on)<\/strong><\/span><\/li>\n<\/ul>\n<\/li>\n<\/ul>\n<\/li>\n<\/ul>\n<\/li>\n<\/ul>\n<\/li>\n<\/ul>\n<\/li>\n<\/ul>\n<p>&nbsp;<\/p>\n<p style=\"text-align: center;\"><em>Pour plus d&rsquo;infos, n&rsquo;h\u00e9sitez pas \u00e0 nous adresser un mail : contact@sylvefruit.fr<\/em><\/p>\n<\/div><div class=\"col-md-5\">\n<p>&nbsp;<\/p>\n<p><img decoding=\"async\" class=\"aligncenter wp-image-26691 \" src=\"https:\/\/www.sylvefruit.fr\/pepiniere\/wp-content\/uploads\/2025\/10\/unnamed-300x225.jpg\" alt=\"\" width=\"404\" height=\"303\" srcset=\"https:\/\/www.sylvefruit.fr\/pepiniere\/wp-content\/uploads\/2025\/10\/unnamed-300x225.jpg 300w, https:\/\/www.sylvefruit.fr\/pepiniere\/wp-content\/uploads\/2025\/10\/unnamed-1024x768.jpg 1024w, https:\/\/www.sylvefruit.fr\/pepiniere\/wp-content\/uploads\/2025\/10\/unnamed-768x576.jpg 768w, https:\/\/www.sylvefruit.fr\/pepiniere\/wp-content\/uploads\/2025\/10\/unnamed-1536x1152.jpg 1536w, https:\/\/www.sylvefruit.fr\/pepiniere\/wp-content\/uploads\/2025\/10\/unnamed-2048x1536.jpg 2048w, https:\/\/www.sylvefruit.fr\/pepiniere\/wp-content\/uploads\/2025\/10\/unnamed-600x450.jpg 600w, https:\/\/www.sylvefruit.fr\/pepiniere\/wp-content\/uploads\/2025\/10\/unnamed-500x375.jpg 500w, https:\/\/www.sylvefruit.fr\/pepiniere\/wp-content\/uploads\/2025\/10\/unnamed-800x600.jpg 800w, https:\/\/www.sylvefruit.fr\/pepiniere\/wp-content\/uploads\/2025\/10\/unnamed-1280x960.jpg 1280w, https:\/\/www.sylvefruit.fr\/pepiniere\/wp-content\/uploads\/2025\/10\/unnamed-1920x1440.jpg 1920w\" sizes=\"(max-width: 404px) 100vw, 404px\" \/><\/p>\n<\/div><\/div>\n<p>&nbsp;<\/p>\n<div class=\"nk-awb \" >\n<div class=\"row\"> <div class=\"col-md-2\">\n<\/div><div class=\"col-md-8\">\n<p>&nbsp;<\/p>\n<p style=\"text-align: center;\"><span style=\"font-size: 14pt;\"><strong>STAGES<\/strong><\/span><\/p>\n<p style=\"text-align: center;\"><strong>Si vous \u00eates int\u00e9ress\u00e9s par des stages autour de l\u2019arbre fruitier,<br \/>\nvous pouvez aller visiter le site de l&rsquo;entreprise Petit Arbre :<a href=\"https:\/\/www.petitarbre.fr\"> https:\/\/www.petitarbre.fr<\/a><\/strong><\/p>\n<\/div><div class=\"col-md-2\">\n<\/div><\/div>\n<div class=\"nk-awb-wrap\" data-awb-type=\"color\" data-awb-stretch=\"true\" data-awb-image-background-size=\"cover\" data-awb-image-background-position=\"50% 50%\"><div class=\"nk-awb-overlay\" style=\"background-color: #d6d6d6;\"><\/div><div  class=\"nk-awb-inner\"><\/div><\/div><\/div>\n","protected":false},"excerpt":{"rendered":"<p>&nbsp; &nbsp;<\/p>\n","protected":false},"author":1,"featured_media":0,"parent":0,"menu_order":0,"comment_status":"closed","ping_status":"closed","template":"","meta":{"footnotes":""},"class_list":["post-102","page","type-page","status-publish","hentry"],"yoast_head":"<!-- This site is optimized with the Yoast SEO plugin v27.5 - https:\/\/yoast.com\/product\/yoast-seo-wordpress\/ -->\n<title>SYLVE &amp; FRUIT&#8212; P\u00e9pini\u00e8re Fruiti\u00e8re d&#039;Altitude en Is\u00e8re<\/title>\n<meta name=\"description\" content=\"La p\u00e9pini\u00e8re SYLVE&amp;FRUIT se trouve dans le Tri\u00e8ves, au coeur d&#039;un territoire de montagne en Is\u00e8re. Les r\u00e9servations ouvrent au 1er octobre.\" \/>\n<meta name=\"robots\" content=\"index, follow, max-snippet:-1, max-image-preview:large, max-video-preview:-1\" \/>\n<link rel=\"canonical\" href=\"https:\/\/www.sylvefruit.fr\/pepiniere\/\" \/>\n<meta property=\"og:locale\" content=\"fr_FR\" \/>\n<meta property=\"og:type\" content=\"article\" \/>\n<meta property=\"og:title\" content=\"SYLVE &amp; FRUIT&#8212; P\u00e9pini\u00e8re Fruiti\u00e8re d&#039;Altitude en Is\u00e8re\" \/>\n<meta property=\"og:description\" content=\"La p\u00e9pini\u00e8re SYLVE&amp;FRUIT se trouve dans le Tri\u00e8ves, au coeur d&#039;un territoire de montagne en Is\u00e8re. Les r\u00e9servations ouvrent au 1er octobre.\" \/>\n<meta property=\"og:url\" content=\"https:\/\/www.sylvefruit.fr\/pepiniere\/\" \/>\n<meta property=\"og:site_name\" content=\"Sylve &amp; Fruit\" \/>\n<meta property=\"article:publisher\" content=\"https:\/\/www.facebook.com\/sylvefruit\/\" \/>\n<meta property=\"article:modified_time\" content=\"2026-03-16T08:20:28+00:00\" \/>\n<meta property=\"og:image\" content=\"https:\/\/www.sylvefruit.fr\/pepiniere\/wp-content\/uploads\/2025\/09\/IMG_6533-scaled-e1758887333703-300x285.jpg\" \/>\n<meta name=\"twitter:card\" content=\"summary_large_image\" \/>\n<meta name=\"twitter:label1\" content=\"Dur\u00e9e de lecture estim\u00e9e\" \/>\n\t<meta name=\"twitter:data1\" content=\"3 minutes\" \/>\n<script type=\"application\/ld+json\" class=\"yoast-schema-graph\">{\"@context\":\"https:\\\/\\\/schema.org\",\"@graph\":[{\"@type\":\"WebPage\",\"@id\":\"https:\\\/\\\/www.sylvefruit.fr\\\/pepiniere\\\/\",\"url\":\"https:\\\/\\\/www.sylvefruit.fr\\\/pepiniere\\\/\",\"name\":\"SYLVE & FRUIT&#8212; P\u00e9pini\u00e8re Fruiti\u00e8re d'Altitude en Is\u00e8re\",\"isPartOf\":{\"@id\":\"https:\\\/\\\/www.sylvefruit.fr\\\/pepiniere\\\/#website\"},\"primaryImageOfPage\":{\"@id\":\"https:\\\/\\\/www.sylvefruit.fr\\\/pepiniere\\\/#primaryimage\"},\"image\":{\"@id\":\"https:\\\/\\\/www.sylvefruit.fr\\\/pepiniere\\\/#primaryimage\"},\"thumbnailUrl\":\"https:\\\/\\\/www.sylvefruit.fr\\\/pepiniere\\\/wp-content\\\/uploads\\\/2025\\\/09\\\/IMG_6533-scaled-e1758887333703-300x285.jpg\",\"datePublished\":\"2017-02-14T07:45:28+00:00\",\"dateModified\":\"2026-03-16T08:20:28+00:00\",\"description\":\"La p\u00e9pini\u00e8re SYLVE&FRUIT se trouve dans le Tri\u00e8ves, au coeur d'un territoire de montagne en Is\u00e8re. Les r\u00e9servations ouvrent au 1er octobre.\",\"breadcrumb\":{\"@id\":\"https:\\\/\\\/www.sylvefruit.fr\\\/pepiniere\\\/#breadcrumb\"},\"inLanguage\":\"fr-FR\",\"potentialAction\":[{\"@type\":\"ReadAction\",\"target\":[\"https:\\\/\\\/www.sylvefruit.fr\\\/pepiniere\\\/\"]}]},{\"@type\":\"ImageObject\",\"inLanguage\":\"fr-FR\",\"@id\":\"https:\\\/\\\/www.sylvefruit.fr\\\/pepiniere\\\/#primaryimage\",\"url\":\"https:\\\/\\\/www.sylvefruit.fr\\\/pepiniere\\\/wp-content\\\/uploads\\\/2025\\\/09\\\/IMG_6533-scaled-e1758887333703.jpg\",\"contentUrl\":\"https:\\\/\\\/www.sylvefruit.fr\\\/pepiniere\\\/wp-content\\\/uploads\\\/2025\\\/09\\\/IMG_6533-scaled-e1758887333703.jpg\",\"width\":1920,\"height\":1826},{\"@type\":\"BreadcrumbList\",\"@id\":\"https:\\\/\\\/www.sylvefruit.fr\\\/pepiniere\\\/#breadcrumb\",\"itemListElement\":[{\"@type\":\"ListItem\",\"position\":1,\"name\":\"Accueil\",\"item\":\"https:\\\/\\\/www.sylvefruit.fr\\\/pepiniere\\\/\"},{\"@type\":\"ListItem\",\"position\":2,\"name\":\"Home\"}]},{\"@type\":\"WebSite\",\"@id\":\"https:\\\/\\\/www.sylvefruit.fr\\\/pepiniere\\\/#website\",\"url\":\"https:\\\/\\\/www.sylvefruit.fr\\\/pepiniere\\\/\",\"name\":\"Sylve & Fruit\",\"description\":\"P\u00e9pini\u00e8re fruiti\u00e8re d&#039;altitude en Is\u00e8re\",\"publisher\":{\"@id\":\"https:\\\/\\\/www.sylvefruit.fr\\\/pepiniere\\\/#organization\"},\"potentialAction\":[{\"@type\":\"SearchAction\",\"target\":{\"@type\":\"EntryPoint\",\"urlTemplate\":\"https:\\\/\\\/www.sylvefruit.fr\\\/pepiniere\\\/?s={search_term_string}\"},\"query-input\":{\"@type\":\"PropertyValueSpecification\",\"valueRequired\":true,\"valueName\":\"search_term_string\"}}],\"inLanguage\":\"fr-FR\"},{\"@type\":\"Organization\",\"@id\":\"https:\\\/\\\/www.sylvefruit.fr\\\/pepiniere\\\/#organization\",\"name\":\"Sylve & Fruit\",\"url\":\"https:\\\/\\\/www.sylvefruit.fr\\\/pepiniere\\\/\",\"logo\":{\"@type\":\"ImageObject\",\"inLanguage\":\"fr-FR\",\"@id\":\"https:\\\/\\\/www.sylvefruit.fr\\\/pepiniere\\\/#\\\/schema\\\/logo\\\/image\\\/\",\"url\":\"https:\\\/\\\/www.sylvefruit.fr\\\/pepiniere\\\/wp-content\\\/uploads\\\/2024\\\/09\\\/logo.jpg\",\"contentUrl\":\"https:\\\/\\\/www.sylvefruit.fr\\\/pepiniere\\\/wp-content\\\/uploads\\\/2024\\\/09\\\/logo.jpg\",\"width\":1420,\"height\":324,\"caption\":\"Sylve & Fruit\"},\"image\":{\"@id\":\"https:\\\/\\\/www.sylvefruit.fr\\\/pepiniere\\\/#\\\/schema\\\/logo\\\/image\\\/\"},\"sameAs\":[\"https:\\\/\\\/www.facebook.com\\\/sylvefruit\\\/\"]}]}<\/script>\n<!-- \/ Yoast SEO plugin. -->","yoast_head_json":{"title":"SYLVE & FRUIT&#8212; P\u00e9pini\u00e8re Fruiti\u00e8re d'Altitude en Is\u00e8re","description":"La p\u00e9pini\u00e8re SYLVE&FRUIT se trouve dans le Tri\u00e8ves, au coeur d'un territoire de montagne en Is\u00e8re. Les r\u00e9servations ouvrent au 1er octobre.","robots":{"index":"index","follow":"follow","max-snippet":"max-snippet:-1","max-image-preview":"max-image-preview:large","max-video-preview":"max-video-preview:-1"},"canonical":"https:\/\/www.sylvefruit.fr\/pepiniere\/","og_locale":"fr_FR","og_type":"article","og_title":"SYLVE & FRUIT&#8212; P\u00e9pini\u00e8re Fruiti\u00e8re d'Altitude en Is\u00e8re","og_description":"La p\u00e9pini\u00e8re SYLVE&FRUIT se trouve dans le Tri\u00e8ves, au coeur d'un territoire de montagne en Is\u00e8re. Les r\u00e9servations ouvrent au 1er octobre.","og_url":"https:\/\/www.sylvefruit.fr\/pepiniere\/","og_site_name":"Sylve &amp; Fruit","article_publisher":"https:\/\/www.facebook.com\/sylvefruit\/","article_modified_time":"2026-03-16T08:20:28+00:00","og_image":[{"url":"https:\/\/www.sylvefruit.fr\/pepiniere\/wp-content\/uploads\/2025\/09\/IMG_6533-scaled-e1758887333703-300x285.jpg","type":"","width":"","height":""}],"twitter_card":"summary_large_image","twitter_misc":{"Dur\u00e9e de lecture estim\u00e9e":"3 minutes"},"schema":{"@context":"https:\/\/schema.org","@graph":[{"@type":"WebPage","@id":"https:\/\/www.sylvefruit.fr\/pepiniere\/","url":"https:\/\/www.sylvefruit.fr\/pepiniere\/","name":"SYLVE & FRUIT&#8212; P\u00e9pini\u00e8re Fruiti\u00e8re d'Altitude en Is\u00e8re","isPartOf":{"@id":"https:\/\/www.sylvefruit.fr\/pepiniere\/#website"},"primaryImageOfPage":{"@id":"https:\/\/www.sylvefruit.fr\/pepiniere\/#primaryimage"},"image":{"@id":"https:\/\/www.sylvefruit.fr\/pepiniere\/#primaryimage"},"thumbnailUrl":"https:\/\/www.sylvefruit.fr\/pepiniere\/wp-content\/uploads\/2025\/09\/IMG_6533-scaled-e1758887333703-300x285.jpg","datePublished":"2017-02-14T07:45:28+00:00","dateModified":"2026-03-16T08:20:28+00:00","description":"La p\u00e9pini\u00e8re SYLVE&FRUIT se trouve dans le Tri\u00e8ves, au coeur d'un territoire de montagne en Is\u00e8re. Les r\u00e9servations ouvrent au 1er octobre.","breadcrumb":{"@id":"https:\/\/www.sylvefruit.fr\/pepiniere\/#breadcrumb"},"inLanguage":"fr-FR","potentialAction":[{"@type":"ReadAction","target":["https:\/\/www.sylvefruit.fr\/pepiniere\/"]}]},{"@type":"ImageObject","inLanguage":"fr-FR","@id":"https:\/\/www.sylvefruit.fr\/pepiniere\/#primaryimage","url":"https:\/\/www.sylvefruit.fr\/pepiniere\/wp-content\/uploads\/2025\/09\/IMG_6533-scaled-e1758887333703.jpg","contentUrl":"https:\/\/www.sylvefruit.fr\/pepiniere\/wp-content\/uploads\/2025\/09\/IMG_6533-scaled-e1758887333703.jpg","width":1920,"height":1826},{"@type":"BreadcrumbList","@id":"https:\/\/www.sylvefruit.fr\/pepiniere\/#breadcrumb","itemListElement":[{"@type":"ListItem","position":1,"name":"Accueil","item":"https:\/\/www.sylvefruit.fr\/pepiniere\/"},{"@type":"ListItem","position":2,"name":"Home"}]},{"@type":"WebSite","@id":"https:\/\/www.sylvefruit.fr\/pepiniere\/#website","url":"https:\/\/www.sylvefruit.fr\/pepiniere\/","name":"Sylve & Fruit","description":"P\u00e9pini\u00e8re fruiti\u00e8re d&#039;altitude en Is\u00e8re","publisher":{"@id":"https:\/\/www.sylvefruit.fr\/pepiniere\/#organization"},"potentialAction":[{"@type":"SearchAction","target":{"@type":"EntryPoint","urlTemplate":"https:\/\/www.sylvefruit.fr\/pepiniere\/?s={search_term_string}"},"query-input":{"@type":"PropertyValueSpecification","valueRequired":true,"valueName":"search_term_string"}}],"inLanguage":"fr-FR"},{"@type":"Organization","@id":"https:\/\/www.sylvefruit.fr\/pepiniere\/#organization","name":"Sylve & Fruit","url":"https:\/\/www.sylvefruit.fr\/pepiniere\/","logo":{"@type":"ImageObject","inLanguage":"fr-FR","@id":"https:\/\/www.sylvefruit.fr\/pepiniere\/#\/schema\/logo\/image\/","url":"https:\/\/www.sylvefruit.fr\/pepiniere\/wp-content\/uploads\/2024\/09\/logo.jpg","contentUrl":"https:\/\/www.sylvefruit.fr\/pepiniere\/wp-content\/uploads\/2024\/09\/logo.jpg","width":1420,"height":324,"caption":"Sylve & Fruit"},"image":{"@id":"https:\/\/www.sylvefruit.fr\/pepiniere\/#\/schema\/logo\/image\/"},"sameAs":["https:\/\/www.facebook.com\/sylvefruit\/"]}]}},"_links":{"self":[{"href":"https:\/\/www.sylvefruit.fr\/pepiniere\/wp-json\/wp\/v2\/pages\/102","targetHints":{"allow":["GET"]}}],"collection":[{"href":"https:\/\/www.sylvefruit.fr\/pepiniere\/wp-json\/wp\/v2\/pages"}],"about":[{"href":"https:\/\/www.sylvefruit.fr\/pepiniere\/wp-json\/wp\/v2\/types\/page"}],"author":[{"embeddable":true,"href":"https:\/\/www.sylvefruit.fr\/pepiniere\/wp-json\/wp\/v2\/users\/1"}],"replies":[{"embeddable":true,"href":"https:\/\/www.sylvefruit.fr\/pepiniere\/wp-json\/wp\/v2\/comments?post=102"}],"version-history":[{"count":178,"href":"https:\/\/www.sylvefruit.fr\/pepiniere\/wp-json\/wp\/v2\/pages\/102\/revisions"}],"predecessor-version":[{"id":27106,"href":"https:\/\/www.sylvefruit.fr\/pepiniere\/wp-json\/wp\/v2\/pages\/102\/revisions\/27106"}],"wp:attachment":[{"href":"https:\/\/www.sylvefruit.fr\/pepiniere\/wp-json\/wp\/v2\/media?parent=102"}],"curies":[{"name":"wp","href":"https:\/\/api.w.org\/{rel}","templated":true}]}}